9 - -16) + -43 - -36
0
Calculate 58 - (47 - 55 - (2 - (-3 + 2) - 12)).
57
Calculate (27 - 47) + -9 + 7 + 6.
-16
What is the value of 9 + 9 + -9 + -1 + -11 + 9 - -5?
11
-5 + 3 + (0 - (-14 - 31)) - (2 + 5)
36
What is the value of 12 + -2 - (26 - -25 - -48) - -15?
-74
What is -387 - -370 - (-79 + 5)?
57
What is (8 - 13 - 34) + 80 - -54?
95
Calculate -18 + 11 + 135 + -143 + 1 + 10.
-4
What is -6 - (24 - (-14 + 9 + 9))?
-26
Calculate (-139 - -59) + (-32 - -104).
-8
Calculate -13 + 4 - ((33 - (-20 - -28)) + -27).
-7
What is (32 - (-7 - -33)) + 10?
16
-86 + 43 + -14 - -35
-22
Calculate (27 - (13 - 5)) + (-849 - -943).
113
What is the value of -43 + -12 + 16 + 5 + 8?
-26
What is the value of -6 - ((-3 - 13) + 34 - (-26 - -49))?
-1
Calculate 0 + 4 + 4 - (-509 - -511).
6
Calculate -23 + (33 - (11 - 20 - -40)).
-21
What is the value of -14 - (15 - 36) - 5 - (-34 + (-2 - -1))?
37
Evaluate -96 + 136 + -68 + (-2 - (0 + -6)).
-24
What is -11 + 12 + (-4 - (55 - 63 - (2 - 2)))?
5
Evaluate -14 + 1 + (-63 - (-5 + -65)) - -6.
0
Calculate (-768 - -707) + 0 + 1.
-60
Calculate 44 + -48 + (-43 - -35).
-12
Evaluate (-393 - -350) + 3 + -4.
-44
-25 + (14 - 8) + (-19 - 1) + (2 - -1)
-36
What is -5 - 1 - (18 - (-27 - -58) - (1 + -9))?
-1
Calculate -3 + -11 + 11 + (16 - (10 - 3) - 77).
-71
Evaluate (-2 - 15 - -17) + (-69 - (4 + -11)) - 8.
-70
What is the value of 40 - 31 - 27 - (-17 - -3)?
-4
Evaluate (-1 - 9 - -1) + (-33 - (-56 - -2) - -30).
42
(-13 - (-7 - 11 - (-3 + 1 + -6))) + 62
59
9 + (34 + -52 - 12) - (4 + 8)
-33
(5 - -33) + -6 - (328 - 380)
84
What is -3 + -88 - (-68 + 18 + 14 - -43)?
-98
Calculate -1 - (4 + 0 + 3) - (-73 + 60 - -38).
-33
What is (62 - 90) + ((3 - 4) + 4 - 5)?
-30
(12 - 4) + 0 + 108 + -153
-37
Evaluate 11 + 30 + -53 - 42 - (3 + 5).
-62
Calculate (-15 - 19 - 5) + 39.
0
Evaluate 93 - ((55 - -141) + -83).
-20
Calculate -1001 + 989 + (-84 + (-3 - -6) - 3).
-96
33 + (47 - 117) + -16
-53
(-22 - (-31 - 14)) + -42
-19
Evaluate (-2511 - -2529) + -36 + 0 - -65.
47
(0 - -112) + (2120 - 2191)
41
Evaluate 11 - ((29 - -7) + 14).
-39
3 + -12 + 16 + -73 + 4 + 0
-62
214 + (-122 - (-50 + 46))
96
Evaluate -81 + 78 + -9 + 81.
69
Evaluate (156 - 146) + (2 - 4) + (0 - 0).
8
-29 - (47 - 37) - (9 - 27)
-21
What is the value of -31 - (-126 + 29 + 12)?
54
Calculate 49 + 160 + -199 + -81 + -1 + 2.
-70
Evaluate 3 + -28 - (-1 + -67) - (0 + 0).
43
135 - (12 + (-1 - 0) + -54 + -59 + 115)
122
-16 + -55 + 4 + 1 + 4 + -6
-68
What is the value of 19 + -24 + 20 + -14 - 26?
-25
Evaluate -9 + -11 + (-16 - -24) + 1 + -13.
-24
Evaluate -256 + 246 - (7 - 4 - -4).
-17
Calculate -51 + 9 + (-15 - -23).
-34
What is -31 + 10 + -13 + (-19 - -11)?
-42
40 - (38 + -17 + 20) - 51
-52
Evaluate 25 - (-35 + 25 + 34 - -19).
-18
Evaluate -72 - (12 + (0 - -12 - (78 - 44)) - -12).
-74
What is the value of -1 - (3 - (5 + 3)) - (-61 + 63 + -46)?
48
Calculate 25 - (-87 - (-30 - (40 + -29))).
71
What is 2 - (17 + (111 - (0 + -14 + 25)))?
-115
8 + -23 + -31 - 43
-89
What is -55 - (12 - 2) - 25 - (11 - (-1 - -7))?
-95
Evaluate 3 + 15 + (26 - 29 - -16).
31
What is the value of 75 - 114 - -65 - (4 + 28)?
-6
1 + (-18 - -12 - -2) - (-54 + 122)
-71
Calculate (10 - 5) + 3 + -1 + (-77 - -32).
-38
What is (34 - 45 - (2 - (9 - -7))) + -15?
-12
Calculate (189 + -36 - 16) + -77.
60
Calculate 80 + (13 - 13 - 3) - (19 + -2).
60
Calculate -46 - (-127 + 66 + 46).
-31
Calculate 69 - ((22 - 24) + -30).
101
Evaluate 330 + -176 - (4 + 30).
120
Calculate -1 + 26 + -97 + 74 + 1.
3
What is -5 + -8 + 16 + -51 - ((-1 - -1) + 3)?
-51
What is the value of (12 - 9) + 2 - (-18 + -7)?
30
-6 - 9 - (5 - (3 - -4))
-13
What is the value of -46 + 40 - (-4 + (-16 - (-3 + -2)))?
9
Evaluate 20 + (23 - (-22 - -18 - -29)).
18
Evaluate (14 - 1) + 14 + 3 + -132.
-102
What is the value of -45 - (-76 + (41 - 1))?
-9
What is 10 + 28 + 16 + -35?
19
18 - (35 + (-17 - 3) + 24)
-21
Evaluate 9 + -55 + (-24 - ((5 - -9) + -24)).
-60
Calculate (1916 - 1864) + (1 - 3).
50
Calculate 19 - (23 + 14 + 5 + -27 + -10 + 5).
9
What is the value of -8 + 64 - (-464 + 468)?
52
-116 + (94 - 48) - (3 - 5 - -3 - 4)
-67
What is -6 - (-3 - -1) - (-24 + (23 - 16) + 20)?
-7
(-4 - (11 + -5 - 10 - 1)) + -25
-24
Calculate 3 - ((-13 - -64) + (9 - -6)).
-63
What is the value of -25 + -17 + 14 + 57 - 30?
-1
Evaluate -59 - (-51 + -29 + 49).
-28
Evaluate -82 + -2 - ((-29 - -42) + -2 + -1).
-94
Calculate -18 + 0 + 4 + (36 - (10 - 33)).
45
Evaluate (1 - 4) + (9 - (25 + (31 - 41))) + 1.
-8
Evaluate 157 + (-110 + 69 - 218).
-102
Calculate (-173 + 119 - 189) + 96.
-147
Calculate 54 - (-13 - (-56 - -36)).
47
Evaluate (16 + 4 - 16) + (-12 - (-2 + 9)) + -35.
-50
Evaluate -21 - (-29 - -3) - 9 - 10.
-14
Evaluate (-2494 - -2533) + (0 - (1 - 3 - 2)).
43
What is 9 + (1 - (-9 - (3 + -117 - (22 - 36))))?
-81
Evaluate (148 - 151) + -6 + (2 + 6 - 38).
-39
What is (-79 + 20 - (10 - 43)) + 23?
-3
Evaluate 11 + 23 + -13 - 34.
-13
Evaluate 2 + -1 + -50 + -1 + 7523 + -7512.
-39
What is the value of 18 + 15 - (-5 - (-2 + 11))?
47
25 + (64 + -23 - 8 - 17)
41
Evaluate (35 - (48 + -27)) + -36 - 38.
-60
56 - (-15 + -18 + 11 - -22)
56
-30 - (-33 + 6) - ((4 - 1) + -71 + -2)
67
What is the value of (-68 - (-123 + 17)) + 14?
52
Calculate -2 + -10 + (15 - ((15 - (1 - -8)) + -5)).
2
-113 + 165 - (4 - -31)
17
What is 32 + -15 + (5 - 13 - -9) + -3?
15
What is the value of -5 + (1 - -4 - 5) - (267 + -252)?
-20
What is the value of (104 - (17 + 173)) + 40?
-46
Evaluate 9464 + -9457 + (-1 - (12 - 1)).
-5
Calculate -11 - (3 + -9 - (49 + 4)) - -11.
59
What is the value of -2 + -14 - (-200 - -229 - (-2 - -50))?
3
Evaluate -1 - -66 - (-15 + 144 + -95).
31
6 - (-10 + -9 + -1 + 0)
26
What is 41 - -1 - -1 - (-7485 - -7491)?
37
Evaluate (3 - (-5 - 1)) + (19 - 20 - 21).
-13
What is 28 + (24 - 89) - -44?
7
15 + 10 - (94 + -107)
38
Calculate (2 - -1 - (1 + 2 - (104 - 149))) + 10.
-35
-1 + 17 + -1 + 3 + (128 - 64 - 129)
-47
What is 23 + (8 - 10) + -4 + 19?
36
34 - (-3 + 0) - (-21 + 31 - 28)
55
What is the value of 26 + (45 - 78) - (4 + -8 + 36)?
-39
What is -26 + 13 + (2 - -27)?
16
-55 + -2 + -230 + 249
-38
Calculate 141 + -128 + (-2 - (1 + -4 + 5)) + -45.
-36
What is -2 + (3 + -16 - -8) + -70 + 145?
68
What is (157 - 285) + 143 + 119 + -1?
133
5 + (1 - -1) + (-52 - -16) - 8
-37
What is the value of -1 - 22 - (662 + -664)?
-21
Calculate (-18 + 13 - -16 - (-62 + 8)) + (-10 - 1).
54
What is the value of (-1557 - -1624) + (-42 - 0)?
25
What is -18 - ((-109 - -31) + -12 - -36)?
36
What is the value of (2 + 11 + -3 - 7) + 7 - (-18 - -18)?
10
Calculate -118 + (-1 - (-12 + (-9 - -6)) - 7 - 5).
-116
What is the value of 22 + (-23 - (17 - 18)) - 10?
-10
Evaluate 3 + -2 + -9 - ((-99 - (-4 - -3)) + 9).
81
What is the value of -3 - (-25 - -10 - -18) - -32?
26
Evaluate 3 + (0 - (7 - 1)) + -7 - (6 - 36).
20
-22 + -114 + (3 + -17 - (-4 + -1 - -4))
-149
Calculate 878 - 880 - (-37 - -1) - 32.
2
What is (3 - -1) + 36 + 64 + -132?
-28
What is (-4 - ((-2 - 29) + -4)) + (-16 - (-28 + 2))?
41
What is the value of 59 - 75 - 59 - -17?
-58
Calculate 8 + (10 - (-7 + 21) - -104) - 1.
107
What is the value of 29 + (-24 - (62 + -50)) - (-1 - 34)?
28
What is the value of -43 + 11 - (-7 + (-13 - 1 - -13))?
-24
Calculate (20 - 34) + -5 + (-3 - -6) + 2.
-14
12 + -4 + 0 + -15 + 84 + -8 + 7
76
Evaluate (15 - (3 - 9 - -7)) + 1 - (452 + -295).
-142
What is -866 - -846 - (0 - -9)?
-29
Evaluate 113 + -100 + 94 - (-38 - 1).
146
Calculate -14 - (2 + -8) - (-87 + 106).
-27
Calculate -9 + -1 - (8 + -1 - 6) - (-293 + 247).
35
What is -16 + 3 + 0 + (87 + 27 - -13)?
114
Calculate -69 - (-71 + 11) - 25.
-34
21 - (-12 - -44) - (38 + -6 - -5)
-48
Evaluate -161 - (-160 + 274 + -278).
3
Evaluate -43 + (-2 - 2) + 17 + 0.
-30
-29 + 39 - 12 - -13 - (3 - 57)
65
What is the value of 18 + -12 + -4 + 4 - (2 - (0 + -29))?
-25
-37 + 53 - (-221 + 166)
71
What is the value of (-1526 - -1491) + (13 - 3)?
-25
Calculate -60 + -43 + 107 - (-1 + (2 - 3) + 47).
-41
Calculate 1636 + -1637 - (-1 - (42 - (0 - -3))).
39
Calculate -2 + -17 + (4 - 14 - -7).
-22
Calculate -38 - (-1 + 10 + 3 - 20).
-30
((9 - -11) + -6 - 54) + 5 + -5
-40
-88 + -2 + 14 + -26 + -6 + 6
-102
Evaluate 2 + 1 - ((-16 - (25 + -46)) + (-45 - -3)).
40
23 + -10 + 24 + 7 + -2
42
What is -21 + (30 + -6 + 11 - 38)?
-24
Calculate -5 + (2 -